est common divisor of 680 and 37480?
40
What is the greatest common factor of 2034 and 558?
18
Calculate the highest common factor of 4 and 37462.
2
What is the highest common divisor of 170208 and 1970?
394
What is the highest common factor of 744053 and 87?
29
Calculate the highest common factor of 1243 and 27233.
113
What is the highest common factor of 670 and 5159?
67
Calculate the greatest common factor of 10491 and 227036.
269
Calculate the greatest common divisor of 1146 and 688173.
573
What is the highest common factor of 132489 and 5103?
189
What is the greatest common divisor of 16 and 47964?
4
Calculate the highest common factor of 390 and 46722.
78
What is the greatest common divisor of 1267300 and 232?
116
What is the highest common divisor of 68896 and 128?
32
Calculate the highest common divisor of 242114 and 1.
1
What is the highest common divisor of 305 and 39125?
5
Calculate the greatest common factor of 33124 and 332.
4
What is the greatest common divisor of 240 and 5235960?
120
What is the greatest common divisor of 211992 and 29766?
726
What is the greatest common factor of 44822 and 4298?
614
What is the highest common divisor of 792 and 365112?
792
What is the greatest common divisor of 45536 and 32?
32
What is the greatest common factor of 7208 and 11016?
136
Calculate the greatest common divisor of 1105 and 72607.
17
What is the highest common divisor of 11 and 1505339?
11
What is the highest common divisor of 115285 and 40?
5
Calculate the greatest common divisor of 126380 and 14685.
445
Calculate the highest common factor of 275 and 464275.
25
What is the greatest common divisor of 3 and 3839?
1
Calculate the highest common factor of 5828 and 3472.
124
Calculate the highest common divisor of 363 and 9966.
33
Calculate the highest common divisor of 8262 and 318.
6
What is the greatest common divisor of 94184 and 22388?
772
Calculate the greatest common divisor of 36 and 3198402.
18
Calculate the highest common factor of 1070 and 81106.
214
Calculate the highest common divisor of 1803 and 1047.
3
Calculate the greatest common divisor of 1704 and 27051.
213
Calculate the highest common factor of 239 and 8365.
239
What is the highest common divisor of 38 and 97546?
38
Calculate the highest common factor of 198100 and 12950.
350
Calculate the greatest common divisor of 2540 and 980.
20
What is the greatest common divisor of 16946 and 370?
74
Calculate the greatest common divisor of 99 and 109131.
33
What is the highest common factor of 506 and 517?
11
Calculate the greatest common factor of 5312 and 52373.
83
Calculate the highest common divisor of 1537726 and 1434.
478
What is the greatest common factor of 39616 and 5312?
64
What is the greatest common divisor of 10 and 113105?
5
What is the highest common divisor of 1278 and 1377?
9
Calculate the greatest common factor of 960 and 402720.
480
Calculate the greatest common divisor of 123 and 382202.
41
What is the highest common factor of 37200 and 59985?
465
What is the greatest common divisor of 2745 and 928908?
549
What is the greatest common divisor of 3448 and 632?
8
What is the greatest common divisor of 392 and 395528?
392
What is the greatest common factor of 1152 and 472?
8
What is the highest common divisor of 1581 and 301599?
93
Calculate the greatest common factor of 43439 and 3751.
121
Calculate the highest common divisor of 648 and 10188.
36
Calculate the greatest common factor of 21721 and 20223.
749
Calculate the highest common factor of 202 and 263004.
202
What is the greatest common factor of 12154 and 826?
118
Calculate the highest common divisor of 969 and 3043.
17
What is the greatest common factor of 95480 and 260?
20
Calculate the greatest common factor of 135 and 5922045.
135
Calculate the highest common factor of 166880 and 15260.
140
Calculate the greatest common divisor of 5920 and 50080.
160
Calculate the highest common divisor of 169337 and 1037.
17
What is the greatest common divisor of 8986 and 2?
2
Calculate the highest common divisor of 94 and 2726.
94
Calculate the highest common factor of 34 and 39062.
2
What is the greatest common divisor of 714 and 453288?
102
What is the highest common divisor of 4697 and 263459?
427
Calculate the greatest common divisor of 10063 and 9022.
347
Calculate the greatest common divisor of 10198 and 18.
2
What is the greatest common divisor of 112 and 3236968?
56
Calculate the highest common divisor of 55896 and 3264.
408
Calculate the greatest common factor of 97 and 536507.
97
Calculate the highest common divisor of 1485638 and 968.
242
What is the highest common factor of 913 and 6557?
83
Calculate the highest common factor of 61640 and 23000.
920
Calculate the greatest common divisor of 5824 and 96.
32
What is the highest common divisor of 282222 and 162?
18
What is the greatest common divisor of 22752 and 240?
48
What is the highest common factor of 5121328 and 16?
16
What is the greatest common divisor of 1887 and 4033?
37
What is the greatest common divisor of 363538 and 644?
322
Calculate the highest common divisor of 5427 and 335.
67
What is the highest common factor of 6322 and 828?
2
Calculate the highest common factor of 77 and 8351.
7
Calculate the greatest common factor of 865075 and 125.
25
What is the highest common factor of 3396 and 568264?
1132
What is the highest common factor of 124818 and 1172?
586
What is the highest common factor of 56740 and 96?
4
What is the greatest common factor of 1720431 and 855?
171
Calculate the highest common factor of 1875 and 165.
15
Calculate the highest common factor of 176665 and 1191.
397
What is the greatest common factor of 3 and 42403?
1
What is the greatest common divisor of 2006 and 4130?
118
What is the greatest common factor of 338 and 107991?
169
Calculate the greatest common factor of 1360 and 1620.
20
What is the highest common divisor of 272 and 43724?
68
Calculate the highest common factor of 4 and 6964.
4
What is the highest common factor of 39930 and 6?
6
Calculate the highest common factor of 171 and 400254.
57
Calculate the highest common divisor of 118 and 428045.
59
What is the greatest common factor of 194 and 388582?
194
What is the greatest common factor of 13 and 2664961?
13
Calculate the highest common factor of 8 and 431384.
8
Calculate the highest common factor of 132 and 94776.
132
What is the highest common divisor of 181798 and 34?
34
Calculate the highest common divisor of 565958 and 244.
122
What is the highest common factor of 612 and 73032?
204
What is the highest common factor of 21188 and 40?
4
What is the highest common factor of 26328 and 4368?
24
What is the greatest common divisor of 225 and 573?
3
What is the greatest common factor of 3538 and 37033?
29
What is the highest common divisor of 580728 and 24?
24
What is the greatest common factor of 37045 and 310?
155
Calculate the highest common divisor of 43692 and 198.
66
What is the highest common divisor of 4899587 and 561?
187
Calculate the greatest common divisor of 302526 and 252.
126
Calculate the highest common divisor of 22265 and 488.
61
What is the highest common divisor of 14876 and 4?
4
Calculate the greatest common factor of 54 and 562.
2
Calculate the greatest common divisor of 3004 and 857642.
1502
Calculate the greatest common divisor of 6366 and 6.
6
What is the highest common divisor of 240235 and 115?
115
Calculate the greatest common divisor of 7725200 and 1424.
1424
Calculate the highest common divisor of 51039 and 7155.
477
What is the highest common divisor of 24 and 1668?
12
What is the greatest common divisor of 8046 and 326608?
298
Calculate the greatest common factor of 109238 and 4245.
283
Calculate the highest common divisor of 2954 and 672.
14
What is the greatest common factor of 1790563 and 86?
43
What is the highest common factor of 2744 and 7056?
392
Calculate the highest common factor of 11655 and 1575.
315
Calculate the greatest common divisor of 476 and 5950.
238
What is the highest common divisor of 25 and 1248450?
25
What is the highest common divisor of 64980 and 180?
180
What is the greatest common divisor of 4432128 and 597?
597
What is the greatest common divisor of 46 and 1233467?
23
What is the highest common divis